?
True
Is 18275 a multiple of 66?
False
Does 139 divide 25993?
True
Does 17 divide 1292?
True
Does 10 divide 1416?
False
Does 32 divide 36960?
True
Is 327 a multiple of 3?
True
Does 28 divide 25283?
False
Is 1349 a multiple of 71?
True
Is 19 a factor of 25?
False
Is 11832 a multiple of 34?
True
Is 6138 a multiple of 66?
True
Is 8 a factor of 1088?
True
Is 8960 a multiple of 14?
True
Is 40 a factor of 1596?
False
Is 3939 a multiple of 17?
False
Is 63127 a multiple of 17?
False
Does 5 divide 186?
False
Is 268 a multiple of 4?
True
Is 13 a factor of 205?
False
Is 15 a factor of 330?
True
Does 259 divide 56721?
True
Is 18 a factor of 94713?
False
Is 477 a multiple of 9?
True
Is 30 a factor of 1164?
False
Is 273 a multiple of 39?
True
Is 640 a multiple of 8?
True
Is 13386 a multiple of 37?
False
Does 24 divide 68064?
True
Is 3570 a multiple of 54?
False
Is 13488 a multiple of 2?
True
Is 19 a factor of 2306?
False
Does 6 divide 1158?
True
Does 9 divide 126?
True
Is 7560 a multiple of 30?
True
Does 103 divide 8954?
False
Is 31125 a multiple of 83?
True
Is 21 a factor of 460?
False
Does 7 divide 497?
True
Is 2387 a multiple of 77?
True
Does 89 divide 2140?
False
Does 28 divide 1316?
True
Does 26 divide 28?
False
Is 22 a factor of 7194?
True
Is 1620 a multiple of 18?
True
Does 11 divide 5391?
False
Does 23 divide 353?
False
Is 5975 a multiple of 5?
True
Does 26 divide 1052?
False
Does 2 divide 198?
True
Does 2 divide 137?
False
Is 12 a factor of 516?
True
Is 3952 a multiple of 13?
True
Does 41 divide 10414?
True
Does 11 divide 957?
True
Does 8 divide 72?
True
Does 14 divide 18942?
True
Is 182 a factor of 10556?
True
Is 992 a multiple of 7?
False
Does 13 divide 2951?
True
Is 11 a factor of 330?
True
Does 223 divide 45492?
True
Is 65 a factor of 438?
False
Is 96 a multiple of 60?
False
Is 12 a factor of 396?
True
Is 96 a factor of 7968?
True
Is 65 a multiple of 5?
True
Is 3 a factor of 586?
False
Does 6 divide 630?
True
Does 4 divide 7871?
False
Is 17 a factor of 5139?
False
Is 10 a factor of 390?
True
Is 44028 a multiple of 56?
False
Is 14101 a multiple of 56?
False
Does 33 divide 39182?
False
Is 80916 a multiple of 22?
True
Does 6 divide 1968?
True
Is 141 a factor of 2397?
True
Is 22 a factor of 84920?
True
Does 15 divide 1332?
False
Does 4 divide 149?
False
Is 4407 a multiple of 15?
False
Does 62 divide 9362?
True
Is 13258 a multiple of 128?
False
Does 23 divide 1325?
False
Is 23 a factor of 1380?
True
Does 83 divide 1868?
False
Is 41 a factor of 352?
False
Does 27 divide 8964?
True
Is 72 a factor of 6195?
False
Is 6 a factor of 4050?
True
Is 5 a factor of 16540?
True
Is 31938 a multiple of 43?
False
Does 4 divide 780?
True
Is 220 a multiple of 6?
False
Is 52 a factor of 4568?
False
Is 215 a factor of 55470?
True
Does 32 divide 7392?
True
Is 47 a factor of 14382?
True
Is 13 a factor of 346?
False
Does 167 divide 21376?
True
Is 13 a factor of 21463?
True
Is 4680 a multiple of 30?
True
Is 34 a factor of 3774?
True
Does 72 divide 216?
True
Does 16 divide 109?
False
Is 61 a factor of 8974?
False
Is 20 a factor of 330?
False
Does 6 divide 35496?
True
Is 11 a factor of 396?
True
Does 10 divide 618?
False
Is 41 a factor of 14432?
True
Is 10 a factor of 12480?
True
Is 6 a factor of 40501?
False
Does 34 divide 2346?
True
Does 4 divide 5525?
False
Is 13747 a multiple of 233?
True
Is 27 a factor of 1431?
True
Is 30 a factor of 1950?
True
Is 21534 a multiple of 37?
True
Does 4 divide 1267?
False
Does 5 divide 67?
False
Is 47 a factor of 56?
False
Is 72 a multiple of 12?
True
Is 7063 a multiple of 10?
False
Is 181476 a multiple of 12?
True
Is 23 a factor of 1242?
True
Is 16 a factor of 50809?
False
Is 2035 a multiple of 120?
False
Does 12 divide 36?
True
Is 1600 a multiple of 10?
True
Does 14 divide 4956?
True
Is 7844 a multiple of 70?
False
Is 200 a factor of 30759?
False
Is 4451 a multiple of 22?
False
Is 5808 a multiple of 44?
True
Is 65 a factor of 69?
False
Is 137 a factor of 12878?
True
Does 16 divide 2224?
True
Does 89 divide 4800?
False
Is 3263 a multiple of 32?
False
Is 90 a factor of 2070?
True
Is 6 a factor of 918?
True
Is 29 a factor of 1227?
False
Does 6 divide 1920?
True
Is 265 a multiple of 5?
True
Is 10 a factor of 340?
True
Is 18155 a multiple of 68?
False
Is 8855 a multiple of 23?
True
Does 20 divide 10400?
True
Does 2 divide 529?
False
Does 11 divide 16662?
False
Is 67 a factor of 1123?
False
Is 22 a factor of 24179?
False
Is 200 a multiple of 3?
False
Is 57652 a multiple of 19?
False
Is 2 a factor of 223?
False
Is 24 a factor of 72?
True
Is 53 a factor of 159?
True
Is 300 a multiple of 20?
True
Does 12 divide 806?
False
Is 47 a factor of 94?
True
Is 11 a factor of 4081?
True
Is 118 a factor of 31922?
False
Does 25 divide 2826?
False
Is 5 a factor of 1885?
True
Is 11 a factor of 1457?
False
Is 4079 a multiple of 102?
False
Is 7787 a multiple of 145?
False
Does 200 divide 69935?
False
Is 2145 a multiple of 11?
True
Is 2676 a multiple of 6?
True
Is 56 a factor of 1568?
True
Is 46 a factor of 11853?
False
Is 2000 a multiple of 20?
True
Is 15 a factor of 1080?
True
Is 368 a multiple of 23?
True
Is 8 a factor of 1179?
False
Is 20 a factor of 5240?
True
Is 14 a factor of 533?
False
Is 11 a factor of 9229?
True
Is 16520 a multiple of 280?
True
Does 53 divide 22101?
True
Is 12 a factor of 14870?
False
Does 35 divide 5740?
True
Is 40 a factor of 79?
False
Is 2 a factor of 5246?
True
Does 10 divide 20?
True
Does 48 divide 10080?
True
Is 9 a factor of 45261?
True
Is 10 a factor of 678?
False
Is 36 a factor of 1800?
True
Is 7 a factor of 4891?
False
Is 38 a multiple of 19?
True
Does 30 divide 1350?
True
Is 3 a factor of 1535?
False
Does 2 divide 513?
False
Does 211 divide 6963?
True
Is 11 a factor of 633?
False
Does 9 divide 39559?
False
Does 276 divide 106042?
False
Is 5 a factor of 15?
True
Is 167 a factor of 13527?
True
Does 3 divide 21370?
False
Is 13 a factor of 20781?
False
Is 5014 a multiple of 46?
True
Is 1166 a multiple of 11?
True
Is 30 a factor of 14250?
True
Is 11 a factor of 1886?
False
Is 7651 a multiple of 12?
False
Is 53 a factor of 444?
False
Does 50 divide 8050?
True
Is 14 a factor of 2534?
True
Is 990 a multiple of 25?
False
Does 88 divide 2200?
True
Does 4 divide 217?
False
Is 38844 a multiple of 117?
True
Is 43 a factor of 592?
False
Does 49 divide 8624?
True
Does 44 divide 4092?
True
Does 39 divide 4680?
True
Is 25 a factor of 652?
False
Is 2773 a multiple of 59?
True
Does 20 divide 480?
True
Is 4205 a multiple of 4?
False
Is 24450 a multiple of 15?
True
Does 43 divide 21437?
False
Does 10 divide 1642?
False
Is 47 a multiple of 47?
True
Does 31 divide 11033?
False
Is 110880 a multiple of 211?
False
Is 48 a factor of 913?
False
Is 410 a multiple of 41?
True
Is 52 a factor of 156?
True
Does 180 divide 65611?
False
Is 14 a factor of 14245?
False
Does 23 divide 415?
False
Is 8 a factor of 1752?
True
Is 63 a factor of 11088?
True
Is 37361 a multiple of 57?
False
Is 23 a factor of 72?
False
Does 9 divide 531?
True
Is 1499 a multiple of 4?
False
Does 109 divide 11445?
True
Is 283 a multiple of 6?
False
Is 3856 a multiple of 8?
True
Is 2 a factor of 1852?
True
Is 12 a factor of 975?
False
Is 1344 a multiple of 12?
True
Is 189 a multiple of 7?
True
Is 5 a factor of 3120?
True
Is 8 a factor of 1920?
True
Does 6 divide 7330?
False
Is 232 a factor of 2784?
True
Is 8363 a multiple of 32?
False
Does 33 divide 924?
True
Does 15 divide 6172?
False
Does 2 divide 595?
False
Is 43860 a multiple of 30?
True
Is 9 a factor of 504?
True
Does 97 divide 4031?
False
Does 48 divide 3024?
True
Is 660 a multiple of 20?
True
Is 8 a factor of 77?
False
Is 10868 a multiple of 44?
True
Is 17694 a multiple of 18?
True
Does 3 divide 152?
False
Is 58638 a multiple of 174?
True
Is 407 a multiple of 5?
False
Does 57 divide 12426?
True
Is 4876 a multiple of 32?
False
Does 93 divide 456?
False
Is 42 a factor of 2310?
True
Does 29 divide 8985?
False
Is 1536 a multiple of 91?
False
Is 19 a factor of 787?
False
Does 73 divide 743?
False
Is 20 a factor of 780?
True
Is 297 a multiple of 37?
False
Is 422 even?
True
Is 14 a factor of 724?
False
Is 4875 a multiple of 7?
False
Does 52 divide 4108?
True
Does 11 divide 4505?
False
Is 7 a factor of 574?
True
Does 17 divide 1976?
Fa